{"id":656,"date":"2019-12-20T14:33:12","date_gmt":"2019-12-20T17:33:12","guid":{"rendered":"https:\/\/www.amgestudiocreativo.com.ar\/amg\/?page_id=656"},"modified":"2019-12-22T19:30:53","modified_gmt":"2019-12-22T22:30:53","slug":"taller-corte-confeccion-kimono","status":"publish","type":"page","link":"https:\/\/www.amgestudiocreativo.com.ar\/amg\/capacitacion\/workshops-amg-estudio-creativo\/taller-corte-confeccion-kimono\/","title":{"rendered":"Taller Confecci\u00f3n de Kimono"},"content":{"rendered":"<h4><span style=\"color: #2a3235;\"><b>Ven\u00ed a hacer esta prenda tan vers\u00e1til. N<\/b><\/span><strong>o te pierdas este Taller<\/strong><\/h4>\n\n\n<hr class=\"wp-block-separator\"\/>\n\n\n<h5>C\u00f3mo son las clases?<\/h5>\n\n\n<div class=\"wp-block-media-text alignwide has-media-on-the-right\" style=\"grid-template-columns:auto 32%\"><figure class=\"wp-block-media-text__media\"><img loading=\"lazy\" decoding=\"async\" width=\"841\" height=\"903\" src=\"https:\/\/www.amgestudiocreativo.com.ar\/amg\/wp-content\/uploads\/2019\/12\/kimono1.jpg\" alt=\"kimono\" class=\"wp-image-664\" title=\"\" srcset=\"https:\/\/www.amgestudiocreativo.com.ar\/amg\/wp-content\/uploads\/2019\/12\/kimono1.jpg 841w, https:\/\/www.amgestudiocreativo.com.ar\/amg\/wp-content\/uploads\/2019\/12\/kimono1-600x644.jpg 600w, https:\/\/www.amgestudiocreativo.com.ar\/amg\/wp-content\/uploads\/2019\/12\/kimono1-279x300.jpg 279w, https:\/\/www.amgestudiocreativo.com.ar\/amg\/wp-content\/uploads\/2019\/12\/kimono1-768x825.jpg 768w\" sizes=\"auto, (max-width: 841px) 100vw, 841px\" \/><\/figure><div class=\"wp-block-media-text__content\">\n<p class=\"has-text-align-left\">El taller se desarrolla en 1 clase de 3hs.<br>La clase es te\u00f3rico-pr\u00e1ctica y no se necesitan conocimientos previos.<\/p>\n\n\n\n<p class=\"has-text-align-left\">Este Kimono es una prenda ideal para empezar en el mundo de la indumentaria.<br>Los materiales est\u00e1n inclu\u00eddos<br>Contamos con m\u00e1quinas de coser, o pod\u00e9s traer la tuya.<\/p>\n<\/div><\/div>\n\n\n<h5>Qu\u00e9 vas a aprender<\/h5>\n\n\n<ul class=\"wp-block-list\"><li>A  identificar  y tomar las medidas necesarias<\/li><li>A utilizar la molder\u00eda que te proveemos lista para cortar<\/li><li>A trabajar y cortar la tela adecuadamente<\/li><li>A utilizar trucos de costura para realizar los trabajos en m\u00e1quinas de coser familiares<\/li><\/ul>\n\n\n<h5>Qu\u00e9 obten\u00e9s<\/h5>\n\n\n<ul class=\"wp-block-list\"><li>Te vas a llevar una experiencia pr\u00e1ctica y \u00fatil para vos o tu emprendimiento<\/li><li> Vas a llevarte  tu Kimono terminado, en tu talle<\/li><li>El molde para que puedas reutilizarlo por tu cuenta <\/li><li>Muchas ideas para expandir tu creatividad<\/li><li>Te entregamos certificado de asistencia<\/li><\/ul>\n\n\n\n<hr class=\"wp-block-separator\"\/>\n\n\n\n<div class=\"wp-block-button\"><a class=\"wp-block-button__link has-orange-background-color has-background has-text-align-center wp-element-button\" href=\"https:\/\/tienda.amgestudiocreativo.com.ar\/cursos-presenciales\" target=\"_blank\" rel=\"noreferrer noopener\">INSCRIBIRME YA!<\/a><\/div>\n\n\n<h5>Grupos reducidos<\/h5>\n\n\n<p>Queremos garantizar que las clases sean efectivas y que puedas sacarle el m\u00e1ximo beneficio.<br>Balanceamos&nbsp; la colaboraci\u00f3n e intercambio de ideas en grupo con los beneficios de una clase personalizada. <\/p>\n\n\n<h5>Forma de Pago e inscripci\u00f3n<\/h5>\n\n\n<p>En AMG <strong>no<\/strong> cobramos inscripci\u00f3n, por lo que para anotarte se debe abonar previamente y as\u00ed te aseguras tu lugar.<br> Una vez que recibimos tu solicitud de inscripci\u00f3n con tus datos, te enviamos la info de acuerdo a tu forma de pago elegida.<br>Ten\u00e9s distintas alternativas de pago: <\/p>\n\n\n\n<ul class=\"wp-block-list\"><li>Efectivo &#8211; coordinamos una cita para que pases por el estudio<\/li><li>Transferencia Bancaria &#8211; Cuando recibimos tus datos, te enviamos la informaci\u00f3n de la cuenta<\/li><li>Tarjeta de Cr\u00e9dito\/D\u00e9bito con MercadoPago &#8211; Te enviamos el link de pago (Tiene 5% de recargo)<\/li><\/ul>\n\n\n<h5>Valor y Fechas<\/h5>\n\n\n<p>Para conocer el Valor , d\u00edas, y  horarios disponibles;  visit\u00e1 el <a href=\"https:\/\/amgestudiocreativo.com.ar\/amg\/?page_id=30\">Calendario de Cursos y Talleres<\/a><\/p>\n\n\n\n<div class=\"wp-block-button aligncenter is-style-default\"><a class=\"wp-block-button__link has-orange-background-color has-background\" href=\"https:\/\/www.amgestudiocreativo.com.ar\/amg\/calendario-de-cursos-y-talleres\/\">Ver Horarios  y Valores&#8230;<\/a><\/div>\n","protected":false},"excerpt":{"rendered":"<p>Ven\u00ed a hacer esta prenda tan vers\u00e1til. No te pierdas este Taller C\u00f3mo son las clases? El taller se desarrolla en 1 clase de 3hs.La&hellip;<\/p>\n","protected":false},"author":1,"featured_media":664,"parent":32,"menu_order":0,"comment_status":"closed","ping_status":"closed","template":"","meta":{"content-type":"","footnotes":""},"class_list":["post-656","page","type-page","status-publish","has-post-thumbnail","hentry"],"_links":{"self":[{"href":"https:\/\/www.amgestudiocreativo.com.ar\/amg\/wp-json\/wp\/v2\/pages\/656","targetHints":{"allow":["GET"]}}],"collection":[{"href":"https:\/\/www.amgestudiocreativo.com.ar\/amg\/wp-json\/wp\/v2\/pages"}],"about":[{"href":"https:\/\/www.amgestudiocreativo.com.ar\/amg\/wp-json\/wp\/v2\/types\/page"}],"author":[{"embeddable":true,"href":"https:\/\/www.amgestudiocreativo.com.ar\/amg\/wp-json\/wp\/v2\/users\/1"}],"replies":[{"embeddable":true,"href":"https:\/\/www.amgestudiocreativo.com.ar\/amg\/wp-json\/wp\/v2\/comments?post=656"}],"version-history":[{"count":0,"href":"https:\/\/www.amgestudiocreativo.com.ar\/amg\/wp-json\/wp\/v2\/pages\/656\/revisions"}],"up":[{"embeddable":true,"href":"https:\/\/www.amgestudiocreativo.com.ar\/amg\/wp-json\/wp\/v2\/pages\/32"}],"wp:featuredmedia":[{"embeddable":true,"href":"https:\/\/www.amgestudiocreativo.com.ar\/amg\/wp-json\/wp\/v2\/media\/664"}],"wp:attachment":[{"href":"https:\/\/www.amgestudiocreativo.com.ar\/amg\/wp-json\/wp\/v2\/media?parent=656"}],"curies":[{"name":"wp","href":"https:\/\/api.w.org\/{rel}","templated":true}]}}

Taller Confección de Kimono

<h4><span style="color: #2a3235;"><b>Vení a hacer esta prenda tan versátil. N</b></span><strong>o te pierdas este Taller</strong></h4>


<hr class="wp-block-separator"/>


<h5>Cómo son las clases?</h5>


<div class="wp-block-media-text alignwide has-media-on-the-right" style="grid-template-columns:auto 32%"><figure class="wp-block-media-text__media"><img loading="lazy" decoding="async" width="841" height="903" src="https://www.amgestudiocreativo.com.ar/amg/wp-content/uploads/2019/12/kimono1.jpg" alt="kimono" class="wp-image-664" title="" srcset="https://www.amgestudiocreativo.com.ar/amg/wp-content/uploads/2019/12/kimono1.jpg 841w, https://www.amgestudiocreativo.com.ar/amg/wp-content/uploads/2019/12/kimono1-600x644.jpg 600w, https://www.amgestudiocreativo.com.ar/amg/wp-content/uploads/2019/12/kimono1-279x300.jpg 279w, https://www.amgestudiocreativo.com.ar/amg/wp-content/uploads/2019/12/kimono1-768x825.jpg 768w" sizes="auto, (max-width: 841px) 100vw, 841px" /></figure><div class="wp-block-media-text__content">
<p class="has-text-align-left">El taller se desarrolla en 1 clase de 3hs.<br>La clase es teórico-práctica y no se necesitan conocimientos previos.</p>



<p class="has-text-align-left">Este Kimono es una prenda ideal para empezar en el mundo de la indumentaria.<br>Los materiales están incluídos<br>Contamos con máquinas de coser, o podés traer la tuya.</p>
</div></div>


<h5>Qué vas a aprender</h5>


<ul class="wp-block-list"><li>A  identificar  y tomar las medidas necesarias</li><li>A utilizar la moldería que te proveemos lista para cortar</li><li>A trabajar y cortar la tela adecuadamente</li><li>A utilizar trucos de costura para realizar los trabajos en máquinas de coser familiares</li></ul>


<h5>Qué obtenés</h5>


<ul class="wp-block-list"><li>Te vas a llevar una experiencia práctica y útil para vos o tu emprendimiento</li><li> Vas a llevarte  tu Kimono terminado, en tu talle</li><li>El molde para que puedas reutilizarlo por tu cuenta </li><li>Muchas ideas para expandir tu creatividad</li><li>Te entregamos certificado de asistencia</li></ul>



<hr class="wp-block-separator"/>



<div class="wp-block-button"><a class="wp-block-button__link has-orange-background-color has-background has-text-align-center wp-element-button" href="https://tienda.amgestudiocreativo.com.ar/cursos-presenciales" target="_blank" rel="noreferrer noopener">INSCRIBIRME YA!</a></div>


<h5>Grupos reducidos</h5>


<p>Queremos garantizar que las clases sean efectivas y que puedas sacarle el máximo beneficio.<br>Balanceamos&nbsp; la colaboración e intercambio de ideas en grupo con los beneficios de una clase personalizada. </p>


<h5>Forma de Pago e inscripción</h5>


<p>En AMG <strong>no</strong> cobramos inscripción, por lo que para anotarte se debe abonar previamente y así te aseguras tu lugar.<br> Una vez que recibimos tu solicitud de inscripción con tus datos, te enviamos la info de acuerdo a tu forma de pago elegida.<br>Tenés distintas alternativas de pago: </p>



<ul class="wp-block-list"><li>Efectivo &#8211; coordinamos una cita para que pases por el estudio</li><li>Transferencia Bancaria &#8211; Cuando recibimos tus datos, te enviamos la información de la cuenta</li><li>Tarjeta de Crédito/Débito con MercadoPago &#8211; Te enviamos el link de pago (Tiene 5% de recargo)</li></ul>


<h5>Valor y Fechas</h5>


<p>Para conocer el Valor , días, y  horarios disponibles;  visitá el <a href="https://amgestudiocreativo.com.ar/amg/?page_id=30">Calendario de Cursos y Talleres</a></p>



<div class="wp-block-button aligncenter is-style-default"><a class="wp-block-button__link has-orange-background-color has-background" href="https://www.amgestudiocreativo.com.ar/amg/calendario-de-cursos-y-talleres/">Ver Horarios  y Valores&#8230;</a></div>

<p>Vení a hacer esta prenda tan versátil. No te pierdas este Taller Cómo son las clases? El taller se desarrolla en 1 clase de 3hs.La&hellip;</p>
