{"id":32,"date":"2019-08-17T12:43:17","date_gmt":"2019-08-17T15:43:17","guid":{"rendered":"http:\/\/amgestudiocreativo.com.ar\/amg\/?page_id=32"},"modified":"2020-02-03T17:50:36","modified_gmt":"2020-02-03T20:50:36","slug":"workshops-amg-estudio-creativo","status":"publish","type":"page","link":"https:\/\/www.amgestudiocreativo.com.ar\/amg\/capacitacion\/workshops-amg-estudio-creativo\/","title":{"rendered":"Workshops AMG Estudio Creativo"},"content":{"rendered":"\n<p> En <strong>AMG Estudio Creativo<\/strong> dedicamos mucho trabajo en dise\u00f1ar Workshops y Talleres de alta calidad. En ellos vas a trabajar de manera intensiva sobre una tem\u00e1tica espec\u00edfica (Por ej. Mallas, Lencer\u00eda, Vestidos, Deco, Art&amp;Craft, etc) en unas pocas clases grupales.<br>No te preocupes, los grupos son reducidos. Nunca superamos las 6 alumnas en los Talleres. Esto te d\u00e1 la tranquilidad que vas a tener mejor calidad de aprendizaje en comparaci\u00f3n a los cursos con m\u00e1s de 10 personas de otros institutos. <\/p>\n\n\n\n<p>Los Talleres o Workshops AMG Estudio Creativo son ideales para aquellos que buscan aprender al mismo tiempo que hacen. Es t\u00e9cnica y teor\u00eda aplicada en el momento.&nbsp;<br>Los Workshops o Talleres se caracterizan por ser clases intensivas y t\u00edpicamente el trabajo se hace en una o dos clases. Es ideal para los que no disponen de tiempo para cursar regularmente un curso m\u00e1s largo.<br>Todos los Talleres incluyen apuntes o alguna documentaci\u00f3n de instrucciones, o paso a paso sin costo adicional. Todo se entrega impreso, para que te sea m\u00e1s f\u00e1cil seguir el trabajo, o para repasar fuera de clase y practicar por tu cuenta. Desarrollamos nuestros propios apuntes especializados. Est\u00e1n bien explicados, claros, detallados y por sobre todo, probados.&nbsp;<br>Todo el material y apuntes que utilizamos en AMG Estudio Creativo para nuestras cursos y talleres est\u00e1 previamente validado.&nbsp;<\/p>\n\n\n\n<p>Visitanos y seguinos en nuestras redes sociales para enterarte de los lanzamientos, novedades y horarios.<\/p>\n\n\n\n<hr class=\"wp-block-separator\"\/>\n\n\n<h5>Listado de Workhops \/ Talleres<\/h5>\n\n\n<ul class=\"wp-block-list\"><li><a href=\"https:\/\/www.amgestudiocreativo.com.ar\/amg\/capacitacion\/workshops-amg-estudio-creativo\/taller-confeccion-bikini-triangulito\/\">Corte y Confecci\u00f3n de Bikini<\/a><\/li><li><a href=\"https:\/\/www.amgestudiocreativo.com.ar\/amg\/capacitacion\/workshops-amg-estudio-creativo\/taller-de-lenceria-bralette-bombacha\/\">Bralette + Bombacha<\/a><\/li><li><a href=\"https:\/\/www.amgestudiocreativo.com.ar\/amg\/capacitacion\/workshops-amg-estudio-creativo\/taller-de-lenceria-bralette-tanga\/\">Tanga + Bralette<\/a><\/li><li><a href=\"https:\/\/www.amgestudiocreativo.com.ar\/amg\/capacitacion\/workshops-amg-estudio-creativo\/taller-lenceria-pijama-short-bralette\/\">Pijama Short + Bralette<\/a><\/li><li><a href=\"https:\/\/www.amgestudiocreativo.com.ar\/amg\/capacitacion\/workshops-amg-estudio-creativo\/taller-corte-confeccion-kimono\/\">Kimono Casual<\/a><\/li><\/ul>\n\n\n\n<p>Tambi\u00e9n te invitamos a que visites regularmente  nuestro <a href=\"https:\/\/www.amgestudiocreativo.com.ar\/amg\/calendario-de-cursos-y-talleres\/\">Calendario de Cursos y Talleres. <\/a>Para ver todos los Talleres vigentes,<strong> <a href=\"https:\/\/www.amgestudiocreativo.com.ar\/amg\/calendario-de-cursos-y-talleres\/\">toc\u00e1 el bot\u00f3n<\/a><\/strong> <\/p>\n\n\n\n<div class=\"wp-block-button aligncenter is-style-default\"><a class=\"wp-block-button__link has-orange-background-color has-background\" href=\"https:\/\/www.amgestudiocreativo.com.ar\/amg\/calendario-de-cursos-y-talleres\/\">Ver Horarios  y Valores&#8230;<\/a><\/div>\n\n\n\n<hr class=\"wp-block-separator\"\/>\n\n\n\n<p class=\"has-text-align-center\">Sitio dise\u00f1ado y administrado por <a rel=\"noreferrer noopener\" aria-label=\" (abre en una nueva pesta\u00f1a)\" href=\"https:\/\/www.instagram.com\/falboph\" target=\"_blank\" class=\"rank-math-link\">@FalboPh<\/a><\/p>\n","protected":false},"excerpt":{"rendered":"<p>En AMG Estudio Creativo dedicamos mucho trabajo en dise\u00f1ar Workshops y Talleres de alta calidad. En ellos vas a trabajar de manera intensiva sobre una&hellip;<\/p>\n","protected":false},"author":1,"featured_media":345,"parent":380,"menu_order":0,"comment_status":"closed","ping_status":"closed","template":"","meta":{"content-type":"","footnotes":""},"class_list":["post-32","page","type-page","status-publish","has-post-thumbnail","hentry"],"_links":{"self":[{"href":"https:\/\/www.amgestudiocreativo.com.ar\/amg\/wp-json\/wp\/v2\/pages\/32","targetHints":{"allow":["GET"]}}],"collection":[{"href":"https:\/\/www.amgestudiocreativo.com.ar\/amg\/wp-json\/wp\/v2\/pages"}],"about":[{"href":"https:\/\/www.amgestudiocreativo.com.ar\/amg\/wp-json\/wp\/v2\/types\/page"}],"author":[{"embeddable":true,"href":"https:\/\/www.amgestudiocreativo.com.ar\/amg\/wp-json\/wp\/v2\/users\/1"}],"replies":[{"embeddable":true,"href":"https:\/\/www.amgestudiocreativo.com.ar\/amg\/wp-json\/wp\/v2\/comments?post=32"}],"version-history":[{"count":6,"href":"https:\/\/www.amgestudiocreativo.com.ar\/amg\/wp-json\/wp\/v2\/pages\/32\/revisions"}],"predecessor-version":[{"id":851,"href":"https:\/\/www.amgestudiocreativo.com.ar\/amg\/wp-json\/wp\/v2\/pages\/32\/revisions\/851"}],"up":[{"embeddable":true,"href":"https:\/\/www.amgestudiocreativo.com.ar\/amg\/wp-json\/wp\/v2\/pages\/380"}],"wp:featuredmedia":[{"embeddable":true,"href":"https:\/\/www.amgestudiocreativo.com.ar\/amg\/wp-json\/wp\/v2\/media\/345"}],"wp:attachment":[{"href":"https:\/\/www.amgestudiocreativo.com.ar\/amg\/wp-json\/wp\/v2\/media?parent=32"}],"curies":[{"name":"wp","href":"https:\/\/api.w.org\/{rel}","templated":true}]}}